 2. Let u(k) = -k + 2. Let y be u(0). Suppose 4*b - 11 - 3 = -5*j, 0 = j - y*b - 14. What is h(j)?
-4
Suppose -6*h + 4 = -20. Let i(l) = 2*l**3 - 15*l**2 - 10*l + 1. Let y(q) = -q**3 + 7*q**2 + 5*q - 1. Let v(t) = 4*i(t) + 9*y(t). What is v(h)?
-1
Let g = -1 - -6. Let w(y) = -y - 3*y + 2*y + y. Calculate w(g).
-5
Let f(p) = -p**3 - 5*p**2 - 4*p + 1. Let v(n) = -n**2 - 29*n - 82. Let a be v(-26). Determine f(a).
1
Let a(q) = q**2 - 4. Let i = 11 + -9. Let o be -2 - 1/(-1 + i). Give a(o).
5
Let n(h) = 3*h**2 - 6 + 4 + 2*h + 0. Determine n(2).
14
Suppose 17 = -4*s + p, -3*s - p - 8 - 10 = 0. Let k(q) = q**3 + 5*q**2 + q + 4. What is k(s)?
-1
Let u(i) = 7*i - 9*i - 3 + 3*i. Suppose 2*q = 6 - 0. What is u(q)?
0
Let x(a) = -a + 1. Let o(j) = j - 5. Let z(p) = -o(p) + x(p). Give z(4).
-2
Let o be -2 - (-2)/1 - 4. Let a(b) be the first derivative of -b**4/4 - 4*b**3/3 - 2*b - 1. Determine a(o).
-2
Let w(g) be the second derivative of 3*g - 1/20*g**5 + 0 + 0*g**3 + 1/6*g**4 + g**2. What is w(3)?
-7
Let l(s) = -7*s + 1. Let m(n) = -8*n + 1. Let y(u) = 2*u + 5. Let g be y(-6). Let i(c) = g*l(c) + 6*m(c). Calculate i(4).
3
Let u(n) = -2 - 2 - 2*n - 1. Let v be 0 - (12/(-3) - -9). Give u(v).
5
Let d(i) = i + 1. Let v be ((-16)/(-4) - 2)*1. Suppose v*b - 4 = 4*b. Calculate d(b).
-1
Let a(m) be the first derivative of m**4/24 - 5*m**3/6 + m**2 + 3. Let t(s) be the second derivative of a(s). Let o = -2 + 2. Calculate t(o).
-5
Let s be (2/(-3) - -1)*3. Let c(z) = -35*z**3 - 16*z**2 + 5*z - 7. Let j(a) = -17*a**3 - 7*a**2 + 2*a - 3. Let b(l) = 4*c(l) - 9*j(l). Determine b(s).
13
Let g(p) = -p + 8. Suppose 7 + 5 = 2*v. Calculate g(v).
2
Let i(p) = -p**3 + 8*p**2 - p + 11. Let s be i(8). Let b(o) = 9*o**2 - 4 - 4*o**s - 3 + 3*o**3 - 7*o. Let y be b(8). Let v(q) = -9*q + 1. Give v(y).
-8
Let l(v) = -2*v + 3. Let w be (-88)/24 - (-2)/3. Give l(w).
9
Let r(u) = 3*u**3 - 7*u**2 - 9*u + 7. Let x(h) = h**3 - h**2 - 1. Let w(n) = -r(n) + 2*x(n). Determine w(6).
9
Let s be 2 - 4/4*1. Let u(x) = 4 + x + 1 - s - 5. Determine u(5).
4
Let a = -11 + 14. Let p(v) be the second derivative of 2*v - 1/6*v**3 + v**2 + 0. Calculate p(a).
-1
Suppose -5*c + 5 = -10. Suppose 7*t = c*t - k + 4, -3*t - k + 2 = 0. Let n(a) = t*a + 2*a - 3*a - 4. What is n(3)?
-1
Let q = 3 - -1. Let d(y) = 11*y - q*y + 8*y. Calculate d(-1).
-15
Let v(q) = -1 + 3 - 3*q + 0 + 1. Give v(4).
-9
Suppose -5*d = -2*d. Suppose d = 3*p + 4*z - 15, 0 = -5*p + 2*p + z. Let q(s) be the first derivative of 7*s**3/3 + s**2/2 - s - 20. Determine q(p).
7
Let x(d) = 6*d**3 + 2*d**2 - 4*d + 3. Let p(w) = 11*w**3 + 3*w**2 - 7*w + 5. Let j(z) = 4*p(z) - 7*x(z). Give j(2).
7
Let o(x) = -x**2 - 12*x + 6. Let v be o(-12). Suppose 0 = -p - 1 + v. Let g(j) = -2*j**2 - 7*j + 10. Let c(z) = -z**2 + 1. Let n(s) = -3*c(s) + g(s). Give n(p).
-3
Let r(f) = -2*f**2 + 4*f. Suppose -4*w + 5 = -7. Let y(u) = -3*u - 13 + u + u + w. Let d be y(-13). Calculate r(d).
-6
Let p(c) = -3*c + c**3 + 0*c**2 + 2*c**2 + 26 - 29. Give p(-2).
3
Suppose 3*o = -3*y + 9, -4 = -o + 5*o. Let n(r) = y*r - 3*r + 7 - 3. Calculate n(-3).
1
Let h(s) = -s**3 - 3*s**2 + 7*s + 5. Let i(n) = 2*n**2 + 22*n - 4. Let u be i(-11). Determine h(u).
-7
Let z(d) = -21*d - 18. Let v(f) = -f - 1. Let w(t) = 18*v(t) - z(t). Suppose -6*c + 3*c + 48 = 0. Let i = 19 - c. What is w(i)?
9
Let q(p) be the first derivative of p**4/4 - 7*p**3/3 + 5*p**2/2 + 3*p + 3. Calculate q(6).
-3
Let k(j) = -2*j + 3. Let p(h) = -3*h - 20. Let o(s) = -s - 7. Let y(a) = 17*o(a) - 6*p(a). Let c(r) = -k(r) + 2*y(r). Determine c(2).
7
Let u(x) = -4*x**3 - 4*x**2 + x**3 + x**3 + x**3 - 6 - 2*x. Calculate u(-4).
2
Suppose 3*s = -0*x - 5*x + 35, -6 = 2*s - 4*x. Suppose s = 2*o + 1. Let c(p) = -p**3 + p**2 + p + 1. Calculate c(o).
-1
Let b(x) = -x**3 - 6*x**2 + 6*x - 10. Let p be b(-7). Let o be (-2)/p*(-18)/(-3). Let u(q) = -4 + o - q + 8. What is u(0)?
8
Suppose 2*r - 10 + 0 = 0. Let h(w) be the second derivative of -w**5/20 + w**4/2 - 7*w**3/6 - 11*w. What is h(r)?
-10
Let q be 115/15 - (-2)/(-3). Suppose 0 = -4*z + 2*b + 10, -4*z = -q*b + 2*b - 19. Suppose 3*g = z + 5. Let l(r) = r**3 - 3*r**2 + 2*r. Determine l(g).
0
Let k(h) = 3*h - 14. Let x(q) = q - 7. Let t(u) = 2*k(u) - 5*x(u). Determine t(-6).
1
Let b(d) = -3*d**3 - 2*d**2 - 3*d. Let q(k) = -4*k + 10. Let j be q(3). Determine b(j).
22
Suppose 2*g - 18 = -g. Let n(o) = -o**3 + 6*o**2 - 1 - 3*o + 0*o + 2*o + 2*o. Give n(g).
5
Let u(h) = h. Let w = 5 - 15. Let y = w + 7. What is u(y)?
-3
Let k(a) = -a - 5*a**2 + 0*a - 4 + a**3 - 6*a. Let s be k(6). Let q = s - -7. Let d(f) = -f**3 - 3*f**2 + 3. Give d(q).
3
Let f(c) be the second derivative of c**6/120 - c**5/12 - c**4/8 + 2*c**3/3 + 3*c**2 + 5*c. Let j(a) be the first derivative of f(a). Give j(5).
-11
Let r(x) be the third derivative of 2*x**5/15 - x**4/24 - 5*x**2. Determine r(-1).
9
Let t(c) = -c**2 + 6*c - 4. Suppose -2*p = l - 3*l - 14, -5*p + 2*l + 23 = 0. Suppose 0 = s - 4*s + 3*d + p, 5*s + 5*d - 45 = 0. Determine t(s).
1
Let t be (-1)/(2 + -1 + 0). Let r(f) = -12*f**2. Give r(t).
-12
Let m(r) be the second derivative of -r**6/45 - r**5/120 + r**4/24 - r**3/6 + r. Let i(c) be the second derivative of m(c). Let n be (1/4)/(3/12). Give i(n).
-8
Let i(t) be the third derivative of -t**6/120 + t**5/20 - t**4/8 + t**3/2 - 2*t**2. Let r(h) = h**2 + 8*h + 3. Let b be r(-8). Calculate i(b).
-6
Let v(u) = 13*u**2 + 7*u - 6. Let x(p) be the third derivative of -p**5/5 - p**4/4 + 5*p**3/6 + 5*p**2. Let j(h) = 5*v(h) + 6*x(h). Give j(1).
-8
Let u(d) be the second derivative of d**3/6 + d**2 - 3*d. Suppose 4*t + 2*h = -8, -h - 7 = 3*t - 0*h. Determine u(t).
-1
Let l(s) = -2*s**2 - 10*s + 7. Let i be l(-5). Let r(d) = d - 11. What is r(i)?
-4
Let o(p) = -60 + 18 + 19 - p + 13. Give o(-8).
-2
Let a(h) = -h**3 + h. Let k(y) = 2*y**3 - 3*y**2 - 3*y + 1. Let i(d) = 3*a(d) + k(d). Give i(-3).
1
Let p(a) = 7*a**3 - 1. Suppose 0 = 2*t, 4*x - 5*t + 9 = 33. Suppose -2*z + 10 = -x. Suppose -v = -3*o + 5, o - 5*v = 3*o + z. Determine p(o).
6
Let a(z) be the third derivative of 0*z + 0 - 1/3*z**3 + 1/60*z**5 - 2*z**2 - 1/24*z**4. What is a(0)?
-2
Let b(g) be the first derivative of g**4/4 - 7*g**3/3 + 7*g**2/2 + 5*g + 7. Give b(6).
11
Let z = -47 + 42. Let l(w) be the second derivative of w**5/60 + w**4/4 - w**3 + w**2/2 - w. Let c(q) be the first derivative of l(q). Give c(z).
-11
Suppose 0 - 7 = k. Let b = -12 + 0. Let j = b - k. Let c(t) = -2*t - 3. What is c(j)?
7
Let w = 0 + -4. Let o(t) be the third derivative of t**4/24 - t**3/3 - 5*t**2. Give o(w).
-6
Let c(r) = -2*r**2 - r + 6. Let x(l) = 3*l**2 + l - 7. Let w(j) = -5*c(j) - 4*x(j). Determine w(2).
-8
Let a(o) = -o**3 + 10*o**2 + 2*o - 10. Let g be (-2)/(3 - -1)*-20. Determine a(g).
10
Let d(q) = -q**2 + 3*q + 1. Let s(w) be the second derivative of w**4/6 - w**3 - 3*w**2/2 - w. Let c(h) = -5*d(h) - 2*s(h). Calculate c(1).
-1
Let d = 26 - 22. Let q(l) be the first derivative of 2 - 2*l + 2/3*l**3 - 1/2*l**2 - 1/4*l**d. Calculate q(2).
-4
Let w(v) = -4*v**2 - 4*v**2 - 7*v + 9*v**2. Let z = 0 + 6. Determine w(z).
-6
Suppose -7 = 2*d + 5. Let s(v) = -v**2 - 3*v + 5. Determine s(d).
-13
Let j(k) = -k - 1. Let h be j(-4). Let s(c) = -h*c - 23*c**2 + c - 5 + 24*c**2. What is s(5)?
10
Let o(f) = f**2 + 6*f. Let n be o(-6). Let i be -2 + n - (-6 - -2). Let k(m) = -m - 1 + m**2 - m**2 - m**i. What is k(-3)?
-7
Let v be 4 + -1 - 42/(-14). Let w(g) = -g**2 + 5*g + 4. What is w(v)?
-2
Suppose -3*i = 2*o + 1, o = 3*i + 5*o + 5. Suppose y - 16 + 2 = w, 0 = 3*y - 4*w - 37. Let r(x) = 10 + x - y + 8. What is r(i)?
0
Let l(i) = -i**3 + 4 + i**3 - 6*i - 2*i**2 + i**3 + 7*i**2. Determine l(-6).
4
Let k be (-4)/(-6)*(-12)/8. Let w(n) = -n**3 - 1. Let y be w(k). Let u(p) be the first derivative of p**4/4 + p**3/3 + p**2/2 + 9. Determine u(y).
0
Let l be (4 - 2)/(2/4). Suppose 0 = -z + 5*b - 12, 2 = -3*z - 4*b + l. Let u(c) be the first derivative of 2*c**3/3 + c**2 + 2*c + 3. Give u(z).
6
Let s(k) = -k**3 + 5*k**2 + k - 1. Suppose -22 - 6 = -2*x. Suppose h - 17 = -3*d, 3*h - x = -4*d + 12. What is s(d)?
4
Let r be (4 - 3)*(0/(-2) - 0). Let k(n) be the third derivative of n**5/120 - n**4/12 + n**3/6 - n**2. Let a(v) be the first derivative of k(v). Determine a(r).
-2
Let r